ite?
False
Is 18313661297 a prime number?
True
Is 73822112207 prime?
True
Is 17288041767 a composite number?
True
Is 908683807 composite?
False
Is 1499026231 composite?
True
Is 6389527091 a prime number?
True
Is 2973098729 a prime number?
True
Is 5100080507 a prime number?
True
Is 123150239 prime?
True
Is 158273937457 a composite number?
False
Is 2927856619 composite?
False
Is 17305879 a composite number?
False
Is 82052989387 composite?
False
Is 73542552737 composite?
False
Is 3591518069 a composite number?
True
Is 6603208861 composite?
False
Is 16402478767 a composite number?
False
Is 9775595647 a composite number?
False
Is 37817096939 a prime number?
True
Is 2368932731 prime?
False
Is 406708097 a prime number?
True
Is 150331243 composite?
True
Is 2279915551 a prime number?
True
Is 1248096721 composite?
True
Is 3787864511 a prime number?
False
Is 90082643957 a composite number?
False
Is 17673015733 a composite number?
False
Is 70823855411 a prime number?
False
Is 38532521233 a composite number?
True
Is 128561 a composite number?
True
Is 959382155 a prime number?
False
Is 18444908099 a composite number?
True
Is 103643830517 a prime number?
True
Is 9064992887 a composite number?
False
Is 249000334917 composite?
True
Is 13370473 composite?
False
Is 130582609 a prime number?
True
Is 6842136923 composite?
False
Is 700275853 a prime number?
True
Is 1125615319 prime?
False
Is 1711934659 prime?
False
Is 21351692563 composite?
True
Is 229946903 a composite number?
True
Is 2002828871 prime?
False
Is 1617761527 a composite number?
False
Is 959587747 a prime number?
False
Is 4123081799 composite?
True
Is 1381373579 composite?
False
Is 3227563921 composite?
False
Is 669987197 a composite number?
True
Is 2739358511 a prime number?
True
Is 7512422878 a composite number?
True
Is 10292557417 a prime number?
False
Is 7042725637 composite?
False
Is 44073264043 composite?
False
Is 4858327081 a composite number?
False
Is 4024581551 a prime number?
True
Is 39908513 composite?
False
Is 12056744893 prime?
True
Is 93378889405 a prime number?
False
Is 98139787 composite?
True
Is 2453676727 prime?
True
Is 522613459 a composite number?
True
Is 73466724533 a prime number?
True
Is 46442017393 composite?
False
Is 179046623 a composite number?
True
Is 331304563 a prime number?
False
Is 676464601 a composite number?
False
Is 2280444119 a composite number?
False
Is 700243237 prime?
True
Is 7917538301 a prime number?
False
Is 4630702171 a composite number?
True
Is 17809306717 a composite number?
True
Is 331011137 prime?
True
Is 288690059 a prime number?
False
Is 58753029037 a prime number?
True
Is 210285182581 a prime number?
False
Is 51240514421 a composite number?
False
Is 5760161549 a composite number?
False
Is 1500075259 a composite number?
False
Is 152591617 a composite number?
False
Is 6551445011 prime?
False
Is 1181254787 composite?
False
Is 5162138117 a composite number?
True
Is 172869526009 composite?
True
Is 12881154961 prime?
False
Is 577154251 prime?
True
Is 2413835531 composite?
True
Is 3555621827 composite?
False
Is 1516273723 composite?
True
Is 23455337041 composite?
False
Is 48852019913 composite?
True
Is 18065319469 a prime number?
False
Is 1922756479 composite?
True
Is 131826359609 a prime number?
False
Is 2853328217 composite?
True
Is 1846267277 a prime number?
True
Is 252754367 a prime number?
True
Is 4847091401 composite?
False
Is 772008155 composite?
True
Is 59956612381 a composite number?
True
Is 539224661 a composite number?
True
Is 123478577983 composite?
True
Is 23412269607 composite?
True
Is 12130160573 prime?
True
Is 595270805 prime?
False
Is 1955029171 prime?
False
Is 5745523463 a composite number?
True
Is 31344424939 a composite number?
True
Is 4863986299 a prime number?
False
Is 6792931 a composite number?
True
Is 20302195127 prime?
True
Is 238285163 a composite number?
False
Is 468350677 a composite number?
False
Is 116723429 prime?
True
Is 6233490191 a prime number?
False
Is 127059271 a composite number?
False
Is 104440823 a composite number?
False
Is 1630685137 a composite number?
False
Is 17415139801 composite?
False
Is 22133456237 a composite number?
False
Is 125075701211 a prime number?
True
Is 248469421 composite?
False
Is 5533009357 composite?
False
Is 56533987511 prime?
False
Is 652281503 composite?
False
Is 1909790129 a composite number?
True
Is 2631462703 composite?
True
Is 21551109257 a prime number?
False
Is 3850235507 composite?
True
Is 1166814617 a prime number?
True
Is 22327779029 a composite number?
True
Is 4764907405 prime?
False
Is 1834912903 prime?
True
Is 2033662083 prime?
False
Is 2386831009 prime?
True
Is 7457111 prime?
True
Is 1583357401 composite?
True
Is 1798043257 a composite number?
True
Is 7232207537 a prime number?
True
Is 2986865339 a composite number?
False
Is 25788441943 a prime number?
False
Is 3622398007 prime?
True
Is 13745752981 a prime number?
True
Is 18244922011 composite?
False
Is 46555369147 prime?
False
Is 894780503 prime?
False
Is 9223485101 prime?
True
Is 631928461 composite?
False
Is 1303061953 a prime number?
False
Is 12221610967 a composite number?
False
Is 7345293671 composite?
False
Is 11031616807 a prime number?
True
Is 100934359 prime?
True
Is 186123984149 a prime number?
True
Is 129163079 prime?
False
Is 75712568059 composite?
False
Is 2161348349 a composite number?
False
Is 85119416533 a prime number?
True
Is 21789731 a prime number?
False
Is 1963545173 a prime number?
False
Is 3122262226 a composite number?
True
Is 9229353171 a prime number?
False
Is 1934574193 a composite number?
True
Is 1067996197 a composite number?
False
Is 13094291134 composite?
True
Is 4250388869 a prime number?
True
Is 1517776717 composite?
True
Is 9619141661 a prime number?
True
Is 2442660287 a prime number?
True
Is 450530963 composite?
False
Is 20990839487 a prime number?
True
Is 765773531 a composite number?
True
Is 1137514747 prime?
True
Is 3793718567 a composite number?
True
Is 3911744017 a prime number?
True
Is 57565063 composite?
False
Is 8105697289 prime?
True
Is 546233533 composite?
True
Is 2479570283 composite?
False
Is 15017323549 prime?
False
Is 3068547081 prime?
False
Is 122603281831 a prime number?
True
Is 72194839949 a composite number?
False
Is 240311863859 a prime number?
True
Is 282176927 prime?
True
Is 211866769 prime?
False
Is 128065485781 composite?
False
Is 326837087 a composite number?
True
Is 4520412011 a prime number?
True
Is 151207229 composite?
False
Is 100634560021 a prime number?
False
Is 33598725317 a prime number?
True
Is 23068721735 a prime number?
False
Is 3577262119 a composite number?
False
Is 19318848487 a prime number?
True
Is 367851793 a prime number?
True
Is 13248881363 a prime number?
False
Is 22432303 composite?
True
Is 86416809959 a prime number?
False
Is 4038208081 composite?
True
Is 32411003741 composite?
False
Is 378134698 a prime number?
False
Is 3194934179 a composite number?
False
Is 1407779999 composite?
False
Is 92526961517 composite?
False
Is 20789092703 composite?
True
Is 2927841151 a composite number?
False
Is 7687417973 a prime number?
True
Is 8717751611 a prime number?
True
Is 10874644003 composite?
True
Is 85224033317 composite?
False
Is 167258589229 a prime number?
True
Is 37548198847 a prime number?
False
Is 8551755151 a composite number?
False
Is 21704947519 prime?
False
Is 561281359 a composite number?
True
Is 541242847 a composite number?
True
Is 867123979 composite?
False
Is 73115543 prime?
False
Is 11035073989 composite?
True
Is 9077781779 a composite number?
True
Is 107656639 composite?
False
Is 913381961 a prime number?
True
Is 1324486741 composite?
False
Is 1171583479 prime?
False
Is 26144377459 prime?
True
Is 1157641157 a composite number?
False
Is 127391003 composite?
False
Is 41310321191 a prime number?
True
Is 231095201 a prime number?
False
Is 1072852829 a prime number?
True
Is 128455931837 a composite number?
False
Is 246453187 a composite number?
True
Is 9261866533 prime?
True
Is 190439569 a composite number?
False
Is 772708921 composite?
False
Is 61294737659 a composite number?
True
Is 837925313 composite?
True
Is 177183281 a composite number?
True
Is 795948317 a composite number?
True
Is 21703510993 a prime number?
False
Is 491704009 a compo